{"id":438,"date":"2024-11-06T14:47:04","date_gmt":"2024-11-06T13:47:04","guid":{"rendered":"https:\/\/wc.efesem.pl\/?product=zestaw-lancuszkow-do-kajdanek-in-chains"},"modified":"2024-12-17T13:39:34","modified_gmt":"2024-12-17T12:39:34","slug":"zestaw-lancuszkow-do-kajdanek-in-chains","status":"publish","type":"product","link":"https:\/\/wc.efesem.pl\/?product=zestaw-lancuszkow-do-kajdanek-in-chains","title":{"rendered":"Zestaw \u0142a\u0144cuszk\u00f3w do kajdanek &#8220;In Chains&#8221;"},"content":{"rendered":"<div class=\"pdfprnt-buttons pdfprnt-buttons-product pdfprnt-top-left\"><a href=\"https:\/\/wc.efesem.pl\/index.php?rest_route=%2Fwp%2Fv2%2Fproduct%2F438&print=pdf\" class=\"pdfprnt-button pdfprnt-button-pdf\" target=\"_blank\"><img decoding=\"async\" src=\"https:\/\/wc.efesem.pl\/wp-content\/plugins\/pdf-print\/images\/pdf.png\" alt=\"image_pdf\" title=\"View PDF\" \/><\/a><a href=\"https:\/\/wc.efesem.pl\/index.php?rest_route=%2Fwp%2Fv2%2Fproduct%2F438&print=print\" class=\"pdfprnt-button pdfprnt-button-print\" target=\"_blank\"><\/a><\/div><div style=\"text-align:right\" class=\"wps-pgfw-pdf-generate-icon__wrapper-frontend\">\n\t\t<a href=\"https:\/\/wc.efesem.pl?action=genpdf&amp;id=438\" class=\"pgfw-single-pdf-download-button\" ><img src=\"https:\/\/wc.efesem.pl\/wp-content\/plugins\/pdf-generator-for-wp\/admin\/src\/images\/PDF_Tray.svg\" title=\"Generate PDF\" style=\"width:25px; height:45px;\"><\/a><\/div>","protected":false},"excerpt":{"rendered":"<p>Zestaw \u0142a\u0144cuszk\u00f3w do kajdanek &#8220;In Chains&#8221; Sk\u00f3rzana obro\u017ca z 2 przednimi O-ringami, bocznymi \u0142a\u0144cuszkami i 2x 88 cm d\u0142ugo\u015bci za pomoc\u0105 karabi\u0144czyka zdejmowane \u0142a\u0144cuszki \u0142\u0105cz\u0105ce i kajdanki O-ringi \u0158 ok. 26 mm \/ \u0158 ok.32 mm D\u0142ugo\u015b\u0107 (kajdanki) ok. 26 cm \/ szeroko\u015b\u0107 ok. 2 cm Jeden rozmiar,regulacja od 14 cm do 24 cm D\u0142ugo\u015b\u0107 (przytrzymywacz szyi) ok. 34 cm \/ szeroko\u015b\u0107 ok. 4 &#8211; 16 cm Jeden rozmiar, regulacja od 31,5 cm do 39,5 cm 0,570 kg<\/p>\n","protected":false},"featured_media":0,"comment_status":"open","ping_status":"closed","template":"","meta":[],"product_cat":[15],"product_tag":[],"class_list":["post-438","product","type-product","status-publish","product_cat-bez-kategorii","first","instock","shipping-taxable","purchasable","product-type-simple"],"_links":{"self":[{"href":"https:\/\/wc.efesem.pl\/index.php?rest_route=\/wp\/v2\/product\/438","targetHints":{"allow":["GET"]}}],"collection":[{"href":"https:\/\/wc.efesem.pl\/index.php?rest_route=\/wp\/v2\/product"}],"about":[{"href":"https:\/\/wc.efesem.pl\/index.php?rest_route=\/wp\/v2\/types\/product"}],"replies":[{"embeddable":true,"href":"https:\/\/wc.efesem.pl\/index.php?rest_route=%2Fwp%2Fv2%2Fcomments&post=438"}],"wp:attachment":[{"href":"https:\/\/wc.efesem.pl\/index.php?rest_route=%2Fwp%2Fv2%2Fmedia&parent=438"}],"wp:term":[{"taxonomy":"product_cat","embeddable":true,"href":"https:\/\/wc.efesem.pl\/index.php?rest_route=%2Fwp%2Fv2%2Fproduct_cat&post=438"},{"taxonomy":"product_tag","embeddable":true,"href":"https:\/\/wc.efesem.pl\/index.php?rest_route=%2Fwp%2Fv2%2Fproduct_tag&post=438"}],"curies":[{"name":"wp","href":"https:\/\/api.w.org\/{rel}","templated":true}]}}

Zestaw łańcuszków do kajdanek &#8220;In Chains&#8221;

<p>Zestaw łańcuszków do kajdanek &#8220;In Chains&#8221; Skórzana obroża z 2 przednimi O-ringami, bocznymi łańcuszkami i 2x 88 cm długości za pomocą karabińczyka zdejmowane łańcuszki łączące i kajdanki O-ringi Ř ok. 26 mm / Ř ok.32 mm Długość (kajdanki) ok. 26 cm / szerokość ok. 2 cm Jeden rozmiar,regulacja od 14 cm do 24 cm Długość (przytrzymywacz szyi) ok. 34 cm / szerokość ok. 4 &#8211; 16 cm Jeden rozmiar, regulacja od 31,5 cm do 39,5 cm 0,570 kg</p>
