{"id":374,"date":"2023-10-20T16:22:19","date_gmt":"2023-10-20T14:22:19","guid":{"rendered":"https:\/\/wc.efesem.pl\/?product=wieszak-na-reczniki-60-cm-szczotkowane-zloto"},"modified":"2023-10-20T16:22:19","modified_gmt":"2023-10-20T14:22:19","slug":"wieszak-na-reczniki-60-cm-szczotkowane-zloto","status":"publish","type":"product","link":"https:\/\/wc.efesem.pl\/?product=wieszak-na-reczniki-60-cm-szczotkowane-zloto","title":{"rendered":"Wieszak na r\u0119czniki 60 cm Szczotkowane z\u0142oto"},"content":{"rendered":"<div class=\"pdfprnt-buttons pdfprnt-buttons-product pdfprnt-top-left\"><a href=\"https:\/\/wc.efesem.pl\/index.php?rest_route=%2Fwp%2Fv2%2Fproduct%2F374&print=pdf\" class=\"pdfprnt-button pdfprnt-button-pdf\" target=\"_blank\"><img decoding=\"async\" src=\"https:\/\/wc.efesem.pl\/wp-content\/plugins\/pdf-print\/images\/pdf.png\" alt=\"image_pdf\" title=\"View PDF\" \/><\/a><a href=\"https:\/\/wc.efesem.pl\/index.php?rest_route=%2Fwp%2Fv2%2Fproduct%2F374&print=print\" class=\"pdfprnt-button pdfprnt-button-print\" target=\"_blank\"><\/a><\/div><div style=\"text-align:right\" class=\"wps-pgfw-pdf-generate-icon__wrapper-frontend\">\n\t\t<a href=\"https:\/\/wc.efesem.pl?action=genpdf&amp;id=374\" class=\"pgfw-single-pdf-download-button\" ><img src=\"https:\/\/wc.efesem.pl\/wp-content\/plugins\/pdf-generator-for-wp\/admin\/src\/images\/PDF_Tray.svg\" title=\"Generate PDF\" style=\"width:25px; height:45px;\"><\/a><\/div>","protected":false},"excerpt":{"rendered":"<ul>\n<li>Kolor: Czarny szczotkowany metal<\/li>\n<li>Wyko\u0144czenie: Pow\u0142oka PVD<\/li>\n<li>Materia\u0142: Mosi\u0105dz; Stal nierdzewna<\/li>\n<li>Typ monta\u017cu: \u015aruby<\/li>\n<li>Zestaw monta\u017cowy w zestawie: Tak<\/li>\n<li>Odleg\u0142o\u015b\u0107 od \u015brodka do \u015brodka (mm): 24<\/li>\n<li>Dopuszczalna waga (kg): 10<\/li>\n<li>Ukryte mocowanie: Tak<\/li>\n<li>Zdejmowany: Nie<\/li>\n<li>Trwa\u0142o\u015b\u0107: trwa\u0142o\u015b\u0107 na lata, nawet przy intensywnym u\u017cytkowaniu<\/li>\n<li>Kultowy design: Shift zosta\u0142 zaprojektowany we wsp\u00f3\u0142pracy z agencj\u0105 projektow\u0105 VanBerlo<\/li>\n<li>\u0141atwy monta\u017c: \u0142atwy monta\u017c dzi\u0119ki do\u0142\u0105czonemu zestawowi monta\u017cowemu<\/li>\n<li>Wszechstronno\u015b\u0107: akcesoria Shift w kolorze szczotkowanego z\u0142ota mo\u017cna \u0142\u0105czy\u0107 z innymi akcesoriami w kolorze szczotkowanego z\u0142ota z serii Geesa<\/li>\n<p>\/<\/p>\n<ul>\n","protected":false},"featured_media":268,"comment_status":"open","ping_status":"closed","template":"","meta":[],"product_cat":[15],"product_tag":[],"class_list":["post-374","product","type-product","status-publish","has-post-thumbnail","product_cat-bez-kategorii","first","instock","shipping-taxable","purchasable","product-type-simple"],"_links":{"self":[{"href":"https:\/\/wc.efesem.pl\/index.php?rest_route=\/wp\/v2\/product\/374","targetHints":{"allow":["GET"]}}],"collection":[{"href":"https:\/\/wc.efesem.pl\/index.php?rest_route=\/wp\/v2\/product"}],"about":[{"href":"https:\/\/wc.efesem.pl\/index.php?rest_route=\/wp\/v2\/types\/product"}],"replies":[{"embeddable":true,"href":"https:\/\/wc.efesem.pl\/index.php?rest_route=%2Fwp%2Fv2%2Fcomments&post=374"}],"wp:featuredmedia":[{"embeddable":true,"href":"https:\/\/wc.efesem.pl\/index.php?rest_route=\/wp\/v2\/media\/268"}],"wp:attachment":[{"href":"https:\/\/wc.efesem.pl\/index.php?rest_route=%2Fwp%2Fv2%2Fmedia&parent=374"}],"wp:term":[{"taxonomy":"product_cat","embeddable":true,"href":"https:\/\/wc.efesem.pl\/index.php?rest_route=%2Fwp%2Fv2%2Fproduct_cat&post=374"},{"taxonomy":"product_tag","embeddable":true,"href":"https:\/\/wc.efesem.pl\/index.php?rest_route=%2Fwp%2Fv2%2Fproduct_tag&post=374"}],"curies":[{"name":"wp","href":"https:\/\/api.w.org\/{rel}","templated":true}]}}

Wieszak na ręczniki 60 cm Szczotkowane złoto

<ul>
<li>Kolor: Czarny szczotkowany metal</li>
<li>Wykończenie: Powłoka PVD</li>
<li>Materiał: Mosiądz; Stal nierdzewna</li>
<li>Typ montażu: Śruby</li>
<li>Zestaw montażowy w zestawie: Tak</li>
<li>Odległość od środka do środka (mm): 24</li>
<li>Dopuszczalna waga (kg): 10</li>
<li>Ukryte mocowanie: Tak</li>
<li>Zdejmowany: Nie</li>
<li>Trwałość: trwałość na lata, nawet przy intensywnym użytkowaniu</li>
<li>Kultowy design: Shift został zaprojektowany we współpracy z agencją projektową VanBerlo</li>
<li>Łatwy montaż: łatwy montaż dzięki dołączonemu zestawowi montażowemu</li>
<li>Wszechstronność: akcesoria Shift w kolorze szczotkowanego złota można łączyć z innymi akcesoriami w kolorze szczotkowanego złota z serii Geesa</li>
<p>/</p>
<ul>
