{"id":135,"date":"2023-03-01T09:56:27","date_gmt":"2023-03-01T08:56:27","guid":{"rendered":"https:\/\/wc.efesem.pl\/?product=zestaw-powitalny-harrow"},"modified":"2023-03-01T09:56:27","modified_gmt":"2023-03-01T08:56:27","slug":"zestaw-powitalny-harrow","status":"publish","type":"product","link":"https:\/\/wc.efesem.pl\/?product=zestaw-powitalny-harrow","title":{"rendered":"ZESTAW POWITALNY HARROW"},"content":{"rendered":"<div class=\"pdfprnt-buttons pdfprnt-buttons-product pdfprnt-top-left\"><a href=\"https:\/\/wc.efesem.pl\/index.php?rest_route=%2Fwp%2Fv2%2Fproduct%2F135&print=pdf\" class=\"pdfprnt-button pdfprnt-button-pdf\" target=\"_blank\"><img decoding=\"async\" src=\"https:\/\/wc.efesem.pl\/wp-content\/plugins\/pdf-print\/images\/pdf.png\" alt=\"image_pdf\" title=\"View PDF\" \/><\/a><a href=\"https:\/\/wc.efesem.pl\/index.php?rest_route=%2Fwp%2Fv2%2Fproduct%2F135&print=print\" class=\"pdfprnt-button pdfprnt-button-print\" target=\"_blank\"><\/a><\/div><div style=\"text-align:right\" class=\"wps-pgfw-pdf-generate-icon__wrapper-frontend\">\n\t\t<a href=\"https:\/\/wc.efesem.pl?action=genpdf&amp;id=135\" class=\"pgfw-single-pdf-download-button\" ><img src=\"https:\/\/wc.efesem.pl\/wp-content\/plugins\/pdf-generator-for-wp\/admin\/src\/images\/PDF_Tray.svg\" title=\"Generate PDF\" style=\"width:25px; height:45px;\"><\/a><\/div>","protected":false},"excerpt":{"rendered":"<p>Czajnik:<br \/>\n\u2022 Wykonany ze stali nierdzewnej SS304<br \/>\n\u2022 Pojemno\u015b\u0107: 0.5 lub 1.0L \/ moc: 950W<br \/>\n\u2022 Kolor: inox<br \/>\n\u2022 P\u0142yta grzewcza wyprodukowana ze stali nierdzewnej SS304<br \/>\n\u2022 System ochrony termostatu DUAL SAFE<br \/>\n\u2022 Oszcz\u0119dzaj\u0105cy energi\u0119 oraz wod\u0119 system ECO SAVES<br \/>\n\u2022 Zabezpieczenie przed w\u0142\u0105czeniem pustego czajnika<br \/>\n\u2022 D\u0142ugo\u015b\u0107: przewodu zasilaj\u0105cego: 800 mm<br \/>\n\u2022 Podstawka umo\u017cliwiaj\u0105ca obr\u00f3t czajnika o 360\u00b0<br \/>\n\u2022 Gwarancja: 36 miesi\u0119cy<\/p>\n<p>Taca HALSTEAD:<br \/>\n\u2022 Wymiary: wys. x szer. x g\u0142\u0119. \u2013 30 x 262 x 262 mm<br \/>\n\u2022 Wykonana z solidnej i trwa\u0142ej melaminy<br \/>\n\u2022 Odporna na zabrudzenia, wilgo\u0107 oraz wysok\u0105 temperatur\u0119<br \/>\n\u2022 Zintegrowany przybornik na saszetki np. kaw\u0119 i herbat\u0119<br \/>\n\u2022 \u015arednica bazy czajnika: 143 mm<br \/>\n\u2022 Widoczne kubki oraz \u0142y\u017ceczki dost\u0119pne za dodatkow\u0105 op\u0142at\u0105<\/p>\n<p>FILM: https:\/\/emberton.com\/vid_malvern_corsham<\/p>\n","protected":false},"featured_media":0,"comment_status":"open","ping_status":"closed","template":"","meta":[],"product_cat":[15],"product_tag":[],"class_list":["post-135","product","type-product","status-publish","product_cat-bez-kategorii","first","instock","shipping-taxable","purchasable","product-type-simple"],"_links":{"self":[{"href":"https:\/\/wc.efesem.pl\/index.php?rest_route=\/wp\/v2\/product\/135","targetHints":{"allow":["GET"]}}],"collection":[{"href":"https:\/\/wc.efesem.pl\/index.php?rest_route=\/wp\/v2\/product"}],"about":[{"href":"https:\/\/wc.efesem.pl\/index.php?rest_route=\/wp\/v2\/types\/product"}],"replies":[{"embeddable":true,"href":"https:\/\/wc.efesem.pl\/index.php?rest_route=%2Fwp%2Fv2%2Fcomments&post=135"}],"wp:attachment":[{"href":"https:\/\/wc.efesem.pl\/index.php?rest_route=%2Fwp%2Fv2%2Fmedia&parent=135"}],"wp:term":[{"taxonomy":"product_cat","embeddable":true,"href":"https:\/\/wc.efesem.pl\/index.php?rest_route=%2Fwp%2Fv2%2Fproduct_cat&post=135"},{"taxonomy":"product_tag","embeddable":true,"href":"https:\/\/wc.efesem.pl\/index.php?rest_route=%2Fwp%2Fv2%2Fproduct_tag&post=135"}],"curies":[{"name":"wp","href":"https:\/\/api.w.org\/{rel}","templated":true}]}}

<p>Czajnik:<br />
• Wykonany ze stali nierdzewnej SS304<br />
• Pojemność: 0.5 lub 1.0L / moc: 950W<br />
• Kolor: inox<br />
• Płyta grzewcza wyprodukowana ze stali nierdzewnej SS304<br />
• System ochrony termostatu DUAL SAFE<br />
• Oszczędzający energię oraz wodę system ECO SAVES<br />
• Zabezpieczenie przed włączeniem pustego czajnika<br />
• Długość: przewodu zasilającego: 800 mm<br />
• Podstawka umożliwiająca obrót czajnika o 360°<br />
• Gwarancja: 36 miesięcy</p>
<p>Taca HALSTEAD:<br />
• Wymiary: wys. x szer. x głę. – 30 x 262 x 262 mm<br />
• Wykonana z solidnej i trwałej melaminy<br />
• Odporna na zabrudzenia, wilgoć oraz wysoką temperaturę<br />
• Zintegrowany przybornik na saszetki np. kawę i herbatę<br />
• Średnica bazy czajnika: 143 mm<br />
• Widoczne kubki oraz łyżeczki dostępne za dodatkową opłatą</p>
<p>FILM: https://emberton.com/vid_malvern_corsham</p>
