{"id":111,"date":"2023-01-30T14:01:20","date_gmt":"2023-01-30T13:01:20","guid":{"rendered":"https:\/\/wc.efesem.pl\/?product=koszyk-narozny-ii"},"modified":"2023-01-30T14:01:20","modified_gmt":"2023-01-30T13:01:20","slug":"koszyk-narozny-ii","status":"publish","type":"product","link":"https:\/\/wc.efesem.pl\/?product=koszyk-narozny-ii","title":{"rendered":"KOSZYK NARO\u017bNY II"},"content":{"rendered":"<div class=\"pdfprnt-buttons pdfprnt-buttons-product pdfprnt-top-left\"><a href=\"https:\/\/wc.efesem.pl\/index.php?rest_route=%2Fwp%2Fv2%2Fproduct%2F111&print=pdf\" class=\"pdfprnt-button pdfprnt-button-pdf\" target=\"_blank\"><img decoding=\"async\" src=\"https:\/\/wc.efesem.pl\/wp-content\/plugins\/pdf-print\/images\/pdf.png\" alt=\"image_pdf\" title=\"View PDF\" \/><\/a><a href=\"https:\/\/wc.efesem.pl\/index.php?rest_route=%2Fwp%2Fv2%2Fproduct%2F111&print=print\" class=\"pdfprnt-button pdfprnt-button-print\" target=\"_blank\"><\/a><\/div><p>&#8211; wykonany ze stali nierdzewnej,<br \/>\n&#8211; powierzchnia szczotkowana,<br \/>\n&#8211; do monta\u017cu \u015bciennego,<br \/>\n&#8211; w komplecie zestaw mocuj\u0105cy do \u015bciany (standardowe ko\u0142ki, nierdzewne wkr\u0119ty)<br \/>\n&#8211; wymiary: 20,5 \u00d7 20,5 \u00d7 9 cm<\/p>\n<div style=\"text-align:right\" class=\"wps-pgfw-pdf-generate-icon__wrapper-frontend\">\n\t\t<a href=\"https:\/\/wc.efesem.pl?action=genpdf&amp;id=111\" class=\"pgfw-single-pdf-download-button\" ><img src=\"https:\/\/wc.efesem.pl\/wp-content\/plugins\/pdf-generator-for-wp\/admin\/src\/images\/PDF_Tray.svg\" title=\"Generate PDF\" style=\"width:25px; height:45px;\"><\/a><\/div>","protected":false},"excerpt":{"rendered":"<p>&#8211; wykonany ze stali nierdzewnej, &#8211; powierzchnia szczotkowana, &#8211; do monta\u017cu \u015bciennego, &#8211; w komplecie zestaw mocuj\u0105cy do \u015bciany (standardowe ko\u0142ki, nierdzewne wkr\u0119ty) &#8211; wymiary: 20,5 \u00d7 20,5 \u00d7 9 cm<\/p>\n","protected":false},"featured_media":91,"comment_status":"open","ping_status":"closed","template":"","meta":[],"product_cat":[21],"product_tag":[],"class_list":["post-111","product","type-product","status-publish","has-post-thumbnail","product_cat-polki-pod-prysznic","first","instock","shipping-taxable","purchasable","product-type-simple"],"_links":{"self":[{"href":"https:\/\/wc.efesem.pl\/index.php?rest_route=\/wp\/v2\/product\/111","targetHints":{"allow":["GET"]}}],"collection":[{"href":"https:\/\/wc.efesem.pl\/index.php?rest_route=\/wp\/v2\/product"}],"about":[{"href":"https:\/\/wc.efesem.pl\/index.php?rest_route=\/wp\/v2\/types\/product"}],"replies":[{"embeddable":true,"href":"https:\/\/wc.efesem.pl\/index.php?rest_route=%2Fwp%2Fv2%2Fcomments&post=111"}],"wp:featuredmedia":[{"embeddable":true,"href":"https:\/\/wc.efesem.pl\/index.php?rest_route=\/wp\/v2\/media\/91"}],"wp:attachment":[{"href":"https:\/\/wc.efesem.pl\/index.php?rest_route=%2Fwp%2Fv2%2Fmedia&parent=111"}],"wp:term":[{"taxonomy":"product_cat","embeddable":true,"href":"https:\/\/wc.efesem.pl\/index.php?rest_route=%2Fwp%2Fv2%2Fproduct_cat&post=111"},{"taxonomy":"product_tag","embeddable":true,"href":"https:\/\/wc.efesem.pl\/index.php?rest_route=%2Fwp%2Fv2%2Fproduct_tag&post=111"}],"curies":[{"name":"wp","href":"https:\/\/api.w.org\/{rel}","templated":true}]}}

KOSZYK NAROŻNY II

<div class="pdfprnt-buttons pdfprnt-buttons-product pdfprnt-top-left"><a href="https://wc.efesem.pl/index.php?rest_route=%2Fwp%2Fv2%2Fproduct%2F111&print=pdf" class="pdfprnt-button pdfprnt-button-pdf" target="_blank"><img decoding="async" src="https://wc.efesem.pl/wp-content/plugins/pdf-print/images/pdf.png" alt="image_pdf" title="View PDF" /></a><a href="https://wc.efesem.pl/index.php?rest_route=%2Fwp%2Fv2%2Fproduct%2F111&print=print" class="pdfprnt-button pdfprnt-button-print" target="_blank"></a></div><p>&#8211; wykonany ze stali nierdzewnej,<br />
&#8211; powierzchnia szczotkowana,<br />
&#8211; do montażu ściennego,<br />
&#8211; w komplecie zestaw mocujący do ściany (standardowe kołki, nierdzewne wkręty)<br />
&#8211; wymiary: 20,5 × 20,5 × 9 cm</p>
<div style="text-align:right" class="wps-pgfw-pdf-generate-icon__wrapper-frontend">
		<a href="https://wc.efesem.pl?action=genpdf&amp;id=111" class="pgfw-single-pdf-download-button" ><img src="https://wc.efesem.pl/wp-content/plugins/pdf-generator-for-wp/admin/src/images/PDF_Tray.svg" title="Generate PDF" style="width:25px; height:45px;"></a></div>

<p>&#8211; wykonany ze stali nierdzewnej, &#8211; powierzchnia szczotkowana, &#8211; do montażu ściennego, &#8211; w komplecie zestaw mocujący do ściany (standardowe kołki, nierdzewne wkręty) &#8211; wymiary: 20,5 × 20,5 × 9 cm</p>
